{"id":7461,"date":"2015-05-27T20:20:34","date_gmt":"2015-05-27T18:20:34","guid":{"rendered":"http:\/\/porozmawiajmyozdrowiu.com\/?page_id=7461"},"modified":"2015-05-27T20:22:35","modified_gmt":"2015-05-27T18:22:35","slug":"katarzyna-nowicka-2","status":"publish","type":"page","link":"http:\/\/porozmawiajmyozdrowiu.com\/?page_id=7461","title":{"rendered":"Katarzyna Nowicka"},"content":{"rendered":"<div id=\"fws_69f4be8f9685d\" class=\"wpb_row vc_row-fluid vc_custom_1430313720875\" style=\"background-position:top center!important;\">\n\t<div class=\"vc_col-sm-4 wpb_column column_container\" >\n\t\t<div class=\"wpb_wrapper\">\n\t\t\t\n\t<div class=\"wpb_single_image wpb_content_element vc_align_left\">\n\t\t<div class=\"wpb_wrapper\">\n\t\t\t\n\t\t\t<img class=\" vc_box_border_grey \" src=\"http:\/\/porozmawiajmyozdrowiu.com\/wp-content\/uploads\/2015\/04\/katarzyna_nowicka_d-360x560.jpg\" width=\"360\" height=\"560\" alt=\"katarzyna_nowicka_d\" title=\"katarzyna_nowicka_d\" \/>\n\t\t<\/div> \n\t<\/div> \n\t\t<\/div> \n\t<\/div> \n\n\t<div class=\"vc_col-sm-8 wpb_column column_container\" >\n\t\t<div class=\"wpb_wrapper\">\n\t\t\t\n\t<div class=\"wpb_text_column wpb_content_element \" >\n\t\t<div class=\"wpb_wrapper\">\n\t\t\t<h4 style=\"text-align: justify;\">Jakimi warto\u015bciami kieruj\u0119 si\u0119 w \u017cyciu? Co jest dla mnie najwa\u017cniejsze?<\/h4>\n<p style=\"text-align: justify;\">W \u017cyciu kieruj\u0119 si\u0119 przede wszystkim uczciwo\u015bci\u0105 i szczero\u015bci\u0105, nie tylko wobec innych, ale przede wszystkim wobec samej siebie, to daje mi du\u017co spokoju ducha, a to druga dla mnie bardzo wa\u017cna rzecz. Oczywi\u015bcie najwa\u017cniejsza dla mnie jest rodzina, po wielu latach pobytu na obczy\u017anie doceni\u0142am jej warto\u015b\u0107. Nast\u0119pie praca, kt\u00f3ra jest moj\u0105 najwa\u017cniejsz\u0105 pasj\u0105 i pozwala mi si\u0119 rozwija\u0107. Przyjaciele, podr\u00f3\u017ce, zdrowie.<\/p>\n<h4 style=\"text-align: justify;\">Jak dbam o siebie i swoje zdrowie?<\/h4>\n<p style=\"text-align: justify;\">\u017byj\u0119 \u015bwiadomie, du\u017co czytam, dbam o zdrow\u0105 diet\u0119 i suplementacje, \u0107wicz\u0119 jog\u0119, du\u017co chodz\u0119, wolne chwile sp\u0119dzam na spacerze lub rowerze. Korzystam z masa\u017cy, akupunktury, regularnie medytuj\u0119. Kocham g\u00f3ry i w wolnych chwilach uciekam na szlaki.<\/p>\n<h4 style=\"text-align: justify;\">Najwi\u0119ksze szcz\u0119\u015bcie czuj\u0119, gdy\u2026<\/h4>\n<p style=\"text-align: justify;\">Jestem w odpowiednim miejscu, w odpowiednim czasie otoczona odpowiednimi osobami.<\/p>\n<h4 style=\"text-align: justify;\">Kiedy patrz\u0119 w lustro, my\u015bl\u0119 sobie\u2026<\/h4>\n<p style=\"text-align: justify;\">Patrz\u0119 w lustro i sobie my\u015bl\u0119 sobie, \u017ce w miar\u0119 up\u0142ywu czasu coraz lepiej mi z sob\u0105, i czas mi nie straszny. Oczywi\u015bcie nie ka\u017cdego dnia tak jest, ale cz\u0119\u015bciej ni\u017c rzadziej;-)<\/p>\n<h4 style=\"text-align: justify;\">Moje miejsce na Ziemi\u2026<\/h4>\n<p style=\"text-align: justify;\">Jestem w Krakowie z wyboru serca, to miasto mnie zawo\u0142a\u0142o i tutaj czuj\u0119 si\u0119 we w\u0142a\u015bciwym miejscu. Czy tak b\u0119dzie zawsze, tego nie wiem, teraz tak jest!<\/p>\n<h4 style=\"text-align: justify;\">M\u0119\u017cczyzna mojego \u017cycia\u2026<\/h4>\n<p style=\"text-align: justify;\">Tu nie odbiegam od regu\u0142y: czu\u0142y, opieku\u0144czy, odwa\u017cny z g\u0142ow\u0105 pe\u0142n\u0105 zawarto\u015bci dobrej jako\u015bci i otwartym sercem etc.<\/p>\n<h4 style=\"text-align: justify;\">Kt\u00f3ry moment swojego \u017cycia uwa\u017cam za najwa\u017cniejszy?<\/h4>\n<p style=\"text-align: justify;\">Wk\u0142adam du\u017co pracy w to, \u017ceby tu i teraz by\u0142o najwa\u017cniejszym momentem mojego \u017cycia. I niech tak na ten moment zostanie.<\/p>\n<h4 style=\"text-align: justify;\">Co oznacza dla mnie bycie Ambasadork\u0105 \u201ePorozmawiajmy o zdrowiu\u201d?<\/h4>\n<p style=\"text-align: justify;\">Jest to dla mnie ogromny zaszczyt, bardzo dzi\u0119kuj\u0119 za to wyr\u00f3\u017cnienie. Ju\u017c wiele lat up\u0142yn\u0119\u0142o, od kiedy Agata po raz pierwszy zaprosi\u0142a mnie na POZ, s\u0105 to dla mnie warto\u015bciowe spotkania. Z dum\u0105 b\u0119d\u0119 reprezentowa\u0107 nasze spotkania!<\/p>\n\n\t\t<\/div> \n\t<\/div> \n\t\t<\/div> \n\t<\/div> \n<\/div><div id=\"fws_69f4be8f97de1\" class=\"wpb_row vc_row-fluid vc_custom_1417286989357\" style=\"background-position:top center!important;\">\n\t<div class=\"vc_col-sm-12 wpb_column column_container\" >\n\t\t<div class=\"wpb_wrapper\">\n\t\t\t<div class=\"headline big-centered \"><h3><span>Nasze Ambasadorki<\/span><\/h3><\/div><script type=\"text\/javascript\">\r\n\t\t\t\t\t\tjQuery(document).ready(function() {\r\n \t\t\t\t\t\tjQuery(\"#carousel79589132\").owlCarousel({autoPlay: 5000,items : 3,itemsDesktop : [1199,3],itemsDesktopSmall : [980,3],itemsTablet : [768,2],itemsMobile : [479,1],navigation : false,pagiantion: true,navigationText : [\"\",\"\"] });});\r\n\t\t\t\t\t\t<\/script><div id=\"carousel79589132\" class=\"owl-carousel\"><div class=\"item\" style=\"margin: 0 15px\"><div class=\"team-box team-box-animated\"><div class=\"inner\"><div class=\"front\"><img src=\"http:\/\/porozmawiajmyozdrowiu.com\/wp-content\/uploads\/2015\/04\/janina_czaja.jpg\" alt=\"\"><h3>Janina Czaja<\/h3><span class=\"position\">Ambasadorka POZ<\/span><\/div><div class=\"back\" style=\"background-color:#7DA055\"><div class=\"back-content\"><h3>Janina Czaja<\/h3><span>Ambasadorka POZ<\/span><p> Na dzie\u0144 dzisiejszy nie pracuj\u0119 zawodowo. Zajmuj\u0119 si\u0119 domem i dogadzam mojej rodzince \u2013 m\u0119\u017cowi, synkom, synowej oraz pi\u0119cioletniej wnuczce Zuzannie. W liceum sportowym, do kt\u00f3rego chodzi m\u00f3j m\u0142odszy syn, udzielam si\u0119 w Radzie Rodzic\u00f3w. W wolnych chwilach lubi\u0119 czyta\u0107 ksi\u0105\u017cki i rozwi\u0105zywa\u0107 krzy\u017c\u00f3wki. Zajmuj\u0119 si\u0119 tak\u017ce ogrodem i jestem wiernym kibicem sportowym. &#8230;<\/p>\n<a id=\"button-1977262058\" href=\" http:\/\/porozmawiajmyozdrowiu.com\/?page_id=7438\" target=\"_self\" class=\"button_sc small\" ><span> czytaj wi\u0119cej<\/span><\/a><style type=\"text\/css\">#button-1977262058 {background-color: rgba(255, 255, 255, 0.20)!important; border-color: rgba(255, 255, 255, 0.20)!important;}#button-1977262058 span {color: #ffffff!important;}<\/style>\n<\/div><ul id=\"social-bar\" class=\"rounded\"><\/ul><\/div><\/div><\/div><div class=\"clearboth\"><\/div>\n<\/div>\n<div class=\"item\" style=\"margin: 0 15px\"><div class=\"team-box team-box-animated\"><div class=\"inner\"><div class=\"front\"><img src=\"http:\/\/porozmawiajmyozdrowiu.com\/wp-content\/uploads\/2015\/04\/marta_golinska.jpg\" alt=\"\"><h3>Marta Goli\u0144ska<\/h3><span class=\"position\">Ambasadorka POZ<\/span><\/div><div class=\"back\" style=\"background-color:#7DA055\"><div class=\"back-content\"><h3>Marta Goli\u0144ska<\/h3><span>Ambasadorka POZ<\/span><p> Uko\u0144czy\u0142am Akademi\u0119 Ekonomiczn\u0105 w Krakowie kierunek &#8222;Organizacja i zarz\u0105dzanie&#8221;, od 20 lat zwi\u0105zana jestem z mod\u0105. Aktualnie pracuj\u0119 jako manager w salonie Deni Cler w Krakowie. Uwa\u017cam si\u0119 za osob\u0119 pe\u0142n\u0105 energii i entuzjazmu. Uwielbiam ludzi, ciesz\u0105 mnie nawet ma\u0142e rzeczy.<\/p>\n<a id=\"button-678219432\" href=\"http:\/\/porozmawiajmyozdrowiu.com\/?page_id=7442\" target=\"_self\" class=\"button_sc small\" ><span> czytaj wi\u0119cej<\/span><\/a><style type=\"text\/css\">#button-678219432 {background-color: rgba(255, 255, 255, 0.20)!important; border-color: rgba(255, 255, 255, 0.20)!important;}#button-678219432 span {color: #ffffff!important;}<\/style>\n<\/div><ul id=\"social-bar\" class=\"rounded\"><\/ul><\/div><\/div><\/div><div class=\"clearboth\"><\/div>\n<\/div>\n<div class=\"item\" style=\"margin: 0 15px\"><div class=\"team-box team-box-animated\"><div class=\"inner\"><div class=\"front\"><img src=\"http:\/\/porozmawiajmyozdrowiu.com\/wp-content\/uploads\/2015\/04\/katarzyna_nowicka.jpg\" alt=\"\"><h3>Katarzyna Nowicka<\/h3><span class=\"position\">Ambasadorka POZ<\/span><\/div><div class=\"back\" style=\"background-color:#7DA055\"><div class=\"back-content\"><h3>Katarzyna Nowicka<\/h3><span>Ambasadorka POZ<\/span><p> <strong>Jakimi warto\u015bciami kieruj\u0119 si\u0119 w \u017cyciu? Co jest dla mnie najwa\u017cniejsze?<\/strong><\/p>\n<p>W \u017cyciu kieruj\u0119 si\u0119 przede wszystkim uczciwo\u015bci\u0105 i szczero\u015bci\u0105, nie tylko wobec innych, ale przede wszystkim wobec samej siebie, to daje mi du\u017co spokoju ducha, a to druga dla mnie bardzo wa\u017cna rzecz. Oczywi\u015bcie najwa\u017cniejsza dla mnie jest rodzina, po wielu latach pobytu na obczy\u017anie doceni\u0142am jej warto\u015b\u0107. &#8230;<\/p>\n<a id=\"button-1679175467\" href=\"http:\/\/porozmawiajmyozdrowiu.com\/?page_id=7461\" target=\"_self\" class=\"button_sc small\" ><span> czytaj wi\u0119cej<\/span><\/a><style type=\"text\/css\">#button-1679175467 {background-color: rgba(255, 255, 255, 0.20)!important; border-color: rgba(255, 255, 255, 0.20)!important;}#button-1679175467 span {color: #ffffff!important;}<\/style>\n<\/div><ul id=\"social-bar\" class=\"rounded\"><\/ul><\/div><\/div><\/div><div class=\"clearboth\"><\/div>\n<\/div>\n<\/div>\n\n\t\t<\/div> \n\t<\/div> \n<\/div>\n","protected":false},"excerpt":{"rendered":"Katarzyna NowickaAmbasadorka POZKatarzyna NowickaAmbasadorka POZ Jakimi warto\u015bciami kieruj\u0119 si\u0119 w \u017cyciu? Co jest dla mnie najwa\u017cniejsze? W \u017cyciu kieruj\u0119 si\u0119 przede wszystkim uczciwo\u015bci\u0105 i szczero\u015bci\u0105, nie tylko wobec innych, ale przede wszystkim wobec samej siebie, to daje mi du\u017co spokoju ducha, a to druga dla mnie bardzo wa\u017cna rzecz. Oczywi\u015bcie najwa\u017cniejsza dla mnie jest rodzina, [...]","protected":false},"author":1,"featured_media":0,"parent":0,"menu_order":0,"comment_status":"open","ping_status":"open","template":"template.fullwidth.vc.php","meta":[],"_links":{"self":[{"href":"http:\/\/porozmawiajmyozdrowiu.com\/index.php?rest_route=\/wp\/v2\/pages\/7461"}],"collection":[{"href":"http:\/\/porozmawiajmyozdrowiu.com\/index.php?rest_route=\/wp\/v2\/pages"}],"about":[{"href":"http:\/\/porozmawiajmyozdrowiu.com\/index.php?rest_route=\/wp\/v2\/types\/page"}],"author":[{"embeddable":true,"href":"http:\/\/porozmawiajmyozdrowiu.com\/index.php?rest_route=\/wp\/v2\/users\/1"}],"replies":[{"embeddable":true,"href":"http:\/\/porozmawiajmyozdrowiu.com\/index.php?rest_route=%2Fwp%2Fv2%2Fcomments&post=7461"}],"version-history":[{"count":1,"href":"http:\/\/porozmawiajmyozdrowiu.com\/index.php?rest_route=\/wp\/v2\/pages\/7461\/revisions"}],"predecessor-version":[{"id":7462,"href":"http:\/\/porozmawiajmyozdrowiu.com\/index.php?rest_route=\/wp\/v2\/pages\/7461\/revisions\/7462"}],"wp:attachment":[{"href":"http:\/\/porozmawiajmyozdrowiu.com\/index.php?rest_route=%2Fwp%2Fv2%2Fmedia&parent=7461"}],"curies":[{"name":"wp","href":"https:\/\/api.w.org\/{rel}","templated":true}]}}

<div id="fws_69f4be8f9685d" class="wpb_row vc_row-fluid vc_custom_1430313720875" style="background-position:top center!important;">
	<div class="vc_col-sm-4 wpb_column column_container" >
		<div class="wpb_wrapper">
			
	<div class="wpb_single_image wpb_content_element vc_align_left">
		<div class="wpb_wrapper">
			
			<img class=" vc_box_border_grey " src="http://porozmawiajmyozdrowiu.com/wp-content/uploads/2015/04/katarzyna_nowicka_d-360x560.jpg" width="360" height="560" alt="katarzyna_nowicka_d" title="katarzyna_nowicka_d" />
		</div> 
	</div> 
		</div> 
	</div> 

	<div class="vc_col-sm-8 wpb_column column_container" >
		<div class="wpb_wrapper">
			
	<div class="wpb_text_column wpb_content_element " >
		<div class="wpb_wrapper">
			<h4 style="text-align: justify;">Jakimi wartościami kieruję się w życiu? Co jest dla mnie najważniejsze?</h4>
<p style="text-align: justify;">W życiu kieruję się przede wszystkim uczciwością i szczerością, nie tylko wobec innych, ale przede wszystkim wobec samej siebie, to daje mi dużo spokoju ducha, a to druga dla mnie bardzo ważna rzecz. Oczywiście najważniejsza dla mnie jest rodzina, po wielu latach pobytu na obczyźnie doceniłam jej wartość. Następie praca, która jest moją najważniejszą pasją i pozwala mi się rozwijać. Przyjaciele, podróże, zdrowie.</p>
<h4 style="text-align: justify;">Jak dbam o siebie i swoje zdrowie?</h4>
<p style="text-align: justify;">Żyję świadomie, dużo czytam, dbam o zdrową dietę i suplementacje, ćwiczę jogę, dużo chodzę, wolne chwile spędzam na spacerze lub rowerze. Korzystam z masaży, akupunktury, regularnie medytuję. Kocham góry i w wolnych chwilach uciekam na szlaki.</p>
<h4 style="text-align: justify;">Największe szczęście czuję, gdy…</h4>
<p style="text-align: justify;">Jestem w odpowiednim miejscu, w odpowiednim czasie otoczona odpowiednimi osobami.</p>
<h4 style="text-align: justify;">Kiedy patrzę w lustro, myślę sobie…</h4>
<p style="text-align: justify;">Patrzę w lustro i sobie myślę sobie, że w miarę upływu czasu coraz lepiej mi z sobą, i czas mi nie straszny. Oczywiście nie każdego dnia tak jest, ale częściej niż rzadziej;-)</p>
<h4 style="text-align: justify;">Moje miejsce na Ziemi…</h4>
<p style="text-align: justify;">Jestem w Krakowie z wyboru serca, to miasto mnie zawołało i tutaj czuję się we właściwym miejscu. Czy tak będzie zawsze, tego nie wiem, teraz tak jest!</p>
<h4 style="text-align: justify;">Mężczyzna mojego życia…</h4>
<p style="text-align: justify;">Tu nie odbiegam od reguły: czuły, opiekuńczy, odważny z głową pełną zawartości dobrej jakości i otwartym sercem etc.</p>
<h4 style="text-align: justify;">Który moment swojego życia uważam za najważniejszy?</h4>
<p style="text-align: justify;">Wkładam dużo pracy w to, żeby tu i teraz było najważniejszym momentem mojego życia. I niech tak na ten moment zostanie.</p>
<h4 style="text-align: justify;">Co oznacza dla mnie bycie Ambasadorką „Porozmawiajmy o zdrowiu”?</h4>
<p style="text-align: justify;">Jest to dla mnie ogromny zaszczyt, bardzo dziękuję za to wyróżnienie. Już wiele lat upłynęło, od kiedy Agata po raz pierwszy zaprosiła mnie na POZ, są to dla mnie wartościowe spotkania. Z dumą będę reprezentować nasze spotkania!</p>

		</div> 
	</div> 
		</div> 
	</div> 
</div><div id="fws_69f4be8f97de1" class="wpb_row vc_row-fluid vc_custom_1417286989357" style="background-position:top center!important;">
	<div class="vc_col-sm-12 wpb_column column_container" >
		<div class="wpb_wrapper">
			<div class="headline big-centered "><h3><span>Nasze Ambasadorki</span></h3></div><script type="text/javascript">
						jQuery(document).ready(function() {
 						jQuery("#carousel79589132").owlCarousel({autoPlay: 5000,items : 3,itemsDesktop : [1199,3],itemsDesktopSmall : [980,3],itemsTablet : [768,2],itemsMobile : [479,1],navigation : false,pagiantion: true,navigationText : ["",""] });});
						</script><div id="carousel79589132" class="owl-carousel"><div class="item" style="margin: 0 15px"><div class="team-box team-box-animated"><div class="inner"><div class="front"><img src="http://porozmawiajmyozdrowiu.com/wp-content/uploads/2015/04/janina_czaja.jpg" alt=""><h3>Janina Czaja</h3><span class="position">Ambasadorka POZ</span></div><div class="back" style="background-color:#7DA055"><div class="back-content"><h3>Janina Czaja</h3><span>Ambasadorka POZ</span><p> Na dzień dzisiejszy nie pracuję zawodowo. Zajmuję się domem i dogadzam mojej rodzince – mężowi, synkom, synowej oraz pięcioletniej wnuczce Zuzannie. W liceum sportowym, do którego chodzi mój młodszy syn, udzielam się w Radzie Rodziców. W wolnych chwilach lubię czytać książki i rozwiązywać krzyżówki. Zajmuję się także ogrodem i jestem wiernym kibicem sportowym. &#8230;</p>
<a id="button-1977262058" href=" http://porozmawiajmyozdrowiu.com/?page_id=7438" target="_self" class="button_sc small" ><span> czytaj więcej</span></a><style type="text/css">#button-1977262058 {background-color: rgba(255, 255, 255, 0.20)!important; border-color: rgba(255, 255, 255, 0.20)!important;}#button-1977262058 span {color: #ffffff!important;}</style>
</div><ul id="social-bar" class="rounded"></ul></div></div></div><div class="clearboth"></div>
</div>
<div class="item" style="margin: 0 15px"><div class="team-box team-box-animated"><div class="inner"><div class="front"><img src="http://porozmawiajmyozdrowiu.com/wp-content/uploads/2015/04/marta_golinska.jpg" alt=""><h3>Marta Golińska</h3><span class="position">Ambasadorka POZ</span></div><div class="back" style="background-color:#7DA055"><div class="back-content"><h3>Marta Golińska</h3><span>Ambasadorka POZ</span><p> Ukończyłam Akademię Ekonomiczną w Krakowie kierunek &#8222;Organizacja i zarządzanie&#8221;, od 20 lat związana jestem z modą. Aktualnie pracuję jako manager w salonie Deni Cler w Krakowie. Uważam się za osobę pełną energii i entuzjazmu. Uwielbiam ludzi, cieszą mnie nawet małe rzeczy.</p>
<a id="button-678219432" href="http://porozmawiajmyozdrowiu.com/?page_id=7442" target="_self" class="button_sc small" ><span> czytaj więcej</span></a><style type="text/css">#button-678219432 {background-color: rgba(255, 255, 255, 0.20)!important; border-color: rgba(255, 255, 255, 0.20)!important;}#button-678219432 span {color: #ffffff!important;}</style>
</div><ul id="social-bar" class="rounded"></ul></div></div></div><div class="clearboth"></div>
</div>
<div class="item" style="margin: 0 15px"><div class="team-box team-box-animated"><div class="inner"><div class="front"><img src="http://porozmawiajmyozdrowiu.com/wp-content/uploads/2015/04/katarzyna_nowicka.jpg" alt=""><h3>Katarzyna Nowicka</h3><span class="position">Ambasadorka POZ</span></div><div class="back" style="background-color:#7DA055"><div class="back-content"><h3>Katarzyna Nowicka</h3><span>Ambasadorka POZ</span><p> <strong>Jakimi wartościami kieruję się w życiu? Co jest dla mnie najważniejsze?</strong></p>
<p>W życiu kieruję się przede wszystkim uczciwością i szczerością, nie tylko wobec innych, ale przede wszystkim wobec samej siebie, to daje mi dużo spokoju ducha, a to druga dla mnie bardzo ważna rzecz. Oczywiście najważniejsza dla mnie jest rodzina, po wielu latach pobytu na obczyźnie doceniłam jej wartość. &#8230;</p>
<a id="button-1679175467" href="http://porozmawiajmyozdrowiu.com/?page_id=7461" target="_self" class="button_sc small" ><span> czytaj więcej</span></a><style type="text/css">#button-1679175467 {background-color: rgba(255, 255, 255, 0.20)!important; border-color: rgba(255, 255, 255, 0.20)!important;}#button-1679175467 span {color: #ffffff!important;}</style>
</div><ul id="social-bar" class="rounded"></ul></div></div></div><div class="clearboth"></div>
</div>
</div>

		</div> 
	</div> 
</div>

Katarzyna NowickaAmbasadorka POZKatarzyna NowickaAmbasadorka POZ Jakimi wartościami kieruję się w życiu? Co jest dla mnie najważniejsze? W życiu kieruję się przede wszystkim uczciwością i szczerością, nie tylko wobec innych, ale przede wszystkim wobec samej siebie, to daje mi dużo spokoju ducha, a to druga dla mnie bardzo ważna rzecz. Oczywiście najważniejsza dla mnie jest rodzina, [...]
